ate the remainder when z is divided by 5/(15/48) - -2.
16
Suppose 3*l - 37 = 17. Suppose 4*k - l = k. Calculate the remainder when 10 is divided by k.
4
Let y = -50 - -54. What is the remainder when (-70)/(-6) + (-12)/18 is divided by y?
3
Let c = -21 - -37. Calculate the remainder when 45 + (0 - (1 - 2)) is divided by c.
14
Suppose -10*h - 1070 = -15*h. What is the remainder when h is divided by 24?
22
What is the remainder when (102/8)/(1*9/24) is divided by 18?
16
Suppose 0*k = -k - 12. Calculate the remainder when 10 is divided by ((-2)/(-4))/((-1)/k).
4
Let c(h) = 8*h - 19. Calculate the remainder when 60 is divided by c(5).
18
Suppose -314 = 17*q - 960. Calculate the remainder when q is divided by 13.
12
Let c be 1 + (1 + -1 - -2). Suppose 20 = -q + c*q. What is the remainder when 18 is divided by q?
8
Suppose 0 = -3*t - 2*q + 81, -t - 3*t + 5*q + 131 = 0. What is the remainder when t is divided by 15?
14
Suppose 23 = b + x, -3*x + 0*x = -b + 7. Calculate the remainder when 55 is divided by b.
17
Let t(g) = -g**3 - 3*g**2 - 4*g + 1. Suppose b = -2*x + 28, -2*x = -b - 0*x + 48. What is the remainder when b is divided by t(-3)?
12
Suppose 0 = -x + 4. Suppose 5*v = 0, 12 = x*q - 5*v - 20. Let s = -1 - -16. What is the remainder when s is divided by q?
7
Let h(z) = -z**2 - 6*z + 7. Let g be h(-7). Suppose g*s - 5*s + 75 = 0. What is the remainder when 58 is divided by s?
13
Let s = 109 + -99. Calculate the remainder when 42 is divided by s.
2
Suppose -2*f + 32 = 3*s, -2*s + 4 = -4*s + 5*f. Let c = -31 - -61. What is the remainder when c is divided by s?
6
Let x(d) = -d**3 + 7*d**2 - d + 9. Calculate the remainder when x(7) is divided by 2.
0
Let v = 43 - 25. Calculate the remainder when 46 is divided by v.
10
Suppose 2*m + 306 = 4*i - 444, -3*i + 5*m + 559 = 0. What is the remainder when i is divided by 19?
17
Suppose 4*l - 5 = 3. Let d = 2 + l. Suppose -4*c = -20, 5*f - 4*f = -d*c + 22. Calculate the remainder when f is divided by 2.
0
Let h = 56 + -51. What is the remainder when 54 is divided by h?
4
Suppose 5*v = o + o - 1, 5*v + 40 = 5*o. What is the remainder when 36 is divided by o?
10
Suppose 187 = 5*n - d, -5*d - 82 + 220 = 4*n. Calculate the remainder when n is divided by 20.
17
Suppose 3*s - 114 = 4*l, -3*s + l = 2*s - 190. What is the remainder when s is divided by 5?
3
Suppose 4*q = 1463 + 425. Let l = -267 + q. Suppose -4*n - n + l = 0. Calculate the remainder when n is divided by 14.
13
Let k = 107 - -20. What is the remainder when k is divided by 26?
23
Suppose -4 = -2*s - 2*n, -3*s + 8 = 5*n - 3*n. Suppose -s*h = -3*k + 47, -5*k = -5*h + h - 81. Calculate the remainder when 67 is divided by k.
16
Let k = 124 + -57. What is the remainder when k is divided by 23?
21
Let o(w) = -1. Let k(d) = -d + 5. Let x(v) = -k(v) - 4*o(v). What is the remainder when x(8) is divided by 2?
1
Let q = 25 + -23. Suppose q*a = g - 7, -69 = -4*g + 4*a - 25. Calculate the remainder when 43 is divided by g.
13
Suppose 0 = c - m - 1, -6 = -5*c + 3*m + m. Let z = 24 + -22. Suppose 48 = 4*j - 5*p, 0*p + 13 = 3*j + z*p. Calculate the remainder when j is divided by c.
1
Suppose 5*r - 25 = 0, 2*r = 3*u - 19 + 5. Calculate the remainder when 108 is divided by u.
4
Let a(r) = r**2 - 8*r + 22. Let h(u) = -u**3 + 5*u**2 - 4*u. Let s be h(4). Suppose 2*t = -s*t + 36. Calculate the remainder when t is divided by a(5).
4
Suppose 37 = -18*j + 19*j. Calculate the remainder when j is divided by 10.
7
What is the remainder when 0 - (66 - -4)*-1 is divided by 36?
34
Let v = -9 + 3. Let r(b) = -6*b + 4*b - 4*b - 2*b - b**2 - 8. What is the remainder when r(v) is divided by 3?
1
Suppose 5 = 5*i, 3*y = 2*y + 3*i. Suppose 3*o = 6 + 24. What is the remainder when o is divided by y?
1
Let o(f) = -f**3 + 6*f**2 - f. Let r be o(6). Let k(p) = -2*p - 9. Let a be k(r). Calculate the remainder when 64 is divided by (-2)/4*-50 - a.
20
Let o(x) = 2*x**3 - x**2 + x - 2. Let s(i) = 4*i**2 - 5*i + 2. Calculate the remainder when s(3) is divided by o(2).
11
Let n(u) = u**2 - 4*u - 7. Let y be n(6). Suppose -y*d + 0*d = 15. Calculate the remainder when 0 - -1*(-129)/d is divided by 15.
13
Suppose 0 = 2*k - 3*t - 25, -k - 4*t = 1 - 8. Calculate the remainder when 21 is divided by k.
10
Let z = 21 - -13. What is the remainder when z is divided by -2*3*-2 + -3?
7
Calculate the remainder when -4*(-6)/60*(1 - -44) is divided by 12.
6
Let o be (-2)/6 - 4/6. Let z(q) = -q**3 + 7*q**2 + 2*q - 8. Calculate the remainder when z(6) is divided by -1 + (o + 0)*-15.
12
Let l(y) = y**2 + 8*y - 4. Let h be l(6). Suppose -3*j = k - h, -k = -4 + 2. What is the remainder when j is divided by 7?
5
Suppose -y + 2 = -3*d + 68, 4*d + y = 81. Calculate the remainder when 82 is divided by d.
19
Let d be (-1)/(1 - (3 - 1)). Let p be (2 - 1)*d*3. Suppose p*j + 64 = 7*j. What is the remainder when 30 is divided by j?
14
Suppose -5*w - p = -10, 5*p = 4*w - 2*w - 31. Let t(c) = 3*c - 4. What is the remainder when t(w) is divided by 2?
1
Suppose -5*h - 20 = -10*h. What is the remainder when 11 is divided by h?
3
Let y be (1 + -19 + 2)*-6. Suppose 7*q + y = 3*q. Let w = -10 - q. Calculate the remainder when w is divided by 8.
6
Let w = -2 + 4. Suppose w*q - 7*q + 70 = 0. Suppose -3*f + 2*h = -125, 5*f + 3*h - 84 = 118. Calculate the remainder when f is divided by q.
13
Let a(w) = w - 17*w + 11*w + 8*w. Let v = 6 + 27. What is the remainder when v is divided by a(3)?
6
Let j be 31/4 - (-3)/12. Let d = 5 - j. What is the remainder when 49 is divided by (2 + 1 - -17) + d?
15
Suppose 3*z - z - 14 = 0. Suppose 4*a = 5 + z. What is the remainder when 4 is divided by a?
1
Suppose -5*w - 2*r + 33 = 0, 3*w - 6 = -5*r + 10. Calculate the remainder when w is divided by 2.
1
Suppose 3*i = -5*y + 70 + 78, -y + 44 = -3*i. Suppose -63 = -5*x + y. Calculate the remainder when 75 is divided by x.
18
Suppose 2*z = -2*p + 26, -4*z + 82 = -2*p - 0*p. Suppose 2*r - 3*d - 18 = -2, d - 13 = -3*r. Calculate the remainder when z is divided by r.
3
Suppose -5*j + 46 = -4. Suppose -31 = -5*t - g, -t + 2*g + 7 = 3. Calculate the remainder when j is divided by t.
4
Suppose 0 = 4*z + z - 30. What is the remainder when 9/5*90/z is divided by 10?
7
Let w = -1 - 1. Let u(m) = -22*m + 2. Let z(o) = -2*o**3 - o**2 - o - 2. What is the remainder when u(w) is divided by z(-2)?
10
Suppose -2*w - c = -6, 2*w - w - 8 = 2*c. Calculate the remainder when 9 is divided by w.
1
Let j(u) = u + 4. Calculate the remainder when 35 is divided by j(9).
9
Suppose 10 = -4*x + 42. Calculate the remainder when 21 is divided by x.
5
Suppose -5*v + 20 = -l, -l - 1 + 13 = 3*v. Let b(y) = -y**3 - 5*y**2 - y + 2. What is the remainder when b(-5) is divided by v?
3
Suppose 2*w - 207 = -w. Let o = -23 + w. What is the remainder when o is divided by 16?
14
Let a(b) = -b**3 - 2*b**2 + b + 59. Calculate the remainder when a(0) is divided by 9.
5
Let l(h) = h**3 - 6*h**2 - 3*h + 9. Suppose -17 = -2*n + 3. What is the remainder when l(7) is divided by n?
7
What is the remainder when 38 is divided by -22*(4 + -2)/(-2)?
16
Suppose -46*x = -45*x - 223. What is the remainder when x is divided by 76?
71
Let f(t) be the first derivative of t**2 - 3*t - 2. What is the remainder when (-6)/1*(-32)/6 is divided by f(7)?
10
Let f(l) = -l - 4. Let v be f(-6). Suppose 23 = v*q + 5. Suppose 12 = n + 9. Calculate the remainder when q is divided by n.
0
Let k(l) = -l**3 + 5*l**2 + 6*l + 2. Suppose -5*g + 51 = -4. What is the remainder when k(5) is divided by g?
10
Suppose 0 = -3*s + 5*m + 353 + 4, 2*m = -2*s + 222. Calculate the remainder when s is divided by 29.
27
Suppose 0 = -5*b + 3*l + 2*l + 40, b - 5*l - 20 = 0. Suppose 0*r - 3*r = -9. Suppose 43 = r*i + 16. What is the remainder when i is divided by b?
4
Let n be 1 + -3*(-10)/(-3). Let r = 11 + n. What is the remainder when r is divided by 1?
0
Suppose -4*c - 16 + 4 = 0. Suppose 5*y + 62 = -3*v, -y = -3*y - 4*v - 36. Let s = c - y. What is the remainder when 19 is divided by s?
5
Let a(m) = -m**2 + 10*m + 11. What is the remainder when 40 is divided by a(10)?
7
Suppose -7*g = -773 - 221. Calculate the remainder when g is divided by 21.
16
Let m(a) = -a**3 + a - 1. Suppose 2*i = -i + 3. Let d be m(i). Calculate the remainder when 21 is d